 the units digit of (-9 - (-54222)/(-12))*-2?
5
Let z = -37 + 31. Let c(l) = 8*l**2 - 21. Let u be c(z). Suppose 2*h = 3*t + h - u, -267 = -3*t - 4*h. What is the units digit of t?
9
Suppose 0 = -6*w - 26 - 28. Let k = w - -17. What is the tens digit of 4 - (-264)/(-4 + k)?
7
Let l = -6152 - -12716. What is the hundreds digit of l?
5
Let v be (-6)/5 - 304641/(-405). Suppose -n = 3*y - v, 459 = n - 3*y - 310. What is the hundreds digit of n?
7
Suppose -3*n = -3*h + 12, -4*h - 5*n + 3*n - 2 = 0. Suppose 0*g + h = g. What is the tens digit of (1 - -87)*(-5)/(-4 - g)?
8
Let a be 4/(-3)*3 - -236. Suppose 421*t - 425*t = -a. What is the tens digit of t?
5
Let m be ((-2)/6)/(8/(-120)). Suppose -2832 = -m*p - 762. What is the units digit of p?
4
Let k be (2 + 8540)*14/28. Suppose -8194 - k = -9*m. What is the thousands digit of m?
1
Let i(q) = -18*q + 1. Let c be i(-11). Suppose -272*n + 1105 = -289*n. Let b = n + c. What is the units digit of b?
4
Suppose -3*v = -7*v. Suppose v = -2*o + 4*m + 6, 6*o + m = 2*o + 21. Let t(r) = 6*r + 13. What is the tens digit of t(o)?
4
Let k = -18 - -19. Let c be -2 - k/(-1)*-4. What is the tens digit of (-1)/(6/201)*(c - -4)?
6
Let j(n) = -n**2 + 2*n + 1. Let h be j(2). Let w(r) be the third derivative of 31*r**4/8 - 2*r**3/3 - 2*r**2. What is the tens digit of w(h)?
8
Let m = 23 - -7. Let l = 78 - m. Suppose 4 = 4*k, -3*v + l + 117 = 3*k. What is the units digit of v?
4
Let g = -306 + 313. Let p(u) = 2 - 10*u**2 + 3*u**2 + 6*u + 4 + u**3. What is the tens digit of p(g)?
4
Let l(b) = b**3 - 15*b**2 - 10*b - 34 - 5*b - 7*b + 10*b. What is the units digit of l(17)?
0
Let x(z) = -1876*z + 8. Let r = 790 + -791. What is the tens digit of x(r)?
8
Suppose 5*d + 14 = -6, 2*i - 5*d = 12626. What is the units digit of i?
3
Let u be (-1 + 8/(-10))*5. Let l be (u/(-15))/(7/35). Suppose 393 = l*x + 72. What is the units digit of x?
7
What is the tens digit of 5/((-50)/(-4)) + 488/40*908?
7
Suppose -5*g - 21252 = -x, -5*x = -30*g + 32*g - 106287. What is the thousands digit of x?
1
Suppose -d = -2*i - 22883 - 14012, -5*i = -5*d + 184485. What is the hundreds digit of d?
8
Let b = -23370 + 82534. What is the units digit of b?
4
Let y = 10 + -5. Suppose o - 136 = -3*o - b, -b = -y*o + 170. Suppose -386 = -6*q + o. What is the units digit of q?
0
Let t = -183 + 183. Suppose t = 2*f + f - 903. What is the tens digit of f?
0
What is the hundreds digit of 4/(-18)*37461*(-9)/6?
4
Let k = -661 + 756. Let r = 8 - 6. Suppose 0 = -r*m - d + 59, -6*m = -3*m - 5*d - k. What is the tens digit of m?
3
Suppose -48*z - 12 = -54*z. Suppose 1364 = z*x + 5*n, -2*n - 373 = -2*x + 977. What is the hundreds digit of x?
6
Suppose -24*c - d + 10170 = -22*c, 3*c - 15258 = -d. What is the tens digit of c?
8
Let t(b) = b - 22. Let d be t(14). What is the units digit of 640 - d/20*-5?
8
Let b(f) = -f**3 - 14*f**2 + 32*f + 11. Let q be b(-16). Let t(u) = 7*u**2 - 37*u + 14. What is the tens digit of t(q)?
5
Let h(l) = -17*l - 72. Suppose 4*v - 5*m + 73 = 0, 6 = 6*m - 8*m. What is the units digit of h(v)?
2
Let y(n) = 2131*n - 3506. What is the ten thousands digit of y(16)?
3
Suppose w - i = 11569, -2*i = -2247*w + 2252*w - 57859. What is the units digit of w?
1
Let v be (7 + 150/(-24))/((-3)/(-20)). Suppose 3784 = v*w - 3*u + 2*u, 0 = -2*w + u + 1516. What is the tens digit of w?
5
Suppose 1698046 = 57*p + 49*p - 57*p. What is the ten thousands digit of p?
3
Suppose 2*g + 0 = 6. Suppose -y = -g*y - a, 5*y + 5*a = 0. What is the units digit of (111 - (3 + -1))/1 - y?
9
What is the hundreds digit of 10711468/692 + ((-16)/(-1))/(-2)?
4
Let x = 83 - 28. Let v = x - 31. What is the tens digit of (-12)/v + 51/2?
2
Suppose 3*u - 28687 = 2*p, 2*p - 5*p + 19129 = 2*u. What is the hundreds digit of u?
5
Let t(k) = k - 1. Let v be t(3). Let x be 4/(1 + (-2 - 0) + v). What is the units digit of (3/(-2))/((-1)/x)?
6
Suppose -159*z = -157*z - 1336. Suppose 4*p - 3*a = 1364, -z = -2*p + 2*a - 4*a. What is the tens digit of p?
3
Let x(t) = -1594*t - 724. What is the hundreds digit of x(-6)?
8
Suppose 0*b + 117 = 3*b. Suppose -4*s - n = -b, s + s = -3*n + 17. What is the tens digit of (-5 + s)/(-5)*-149?
4
Suppose 4*k - 11 = -r, -3 = -3*r + 3*k - 0*k. Suppose -487 = -4*a - p, r*a + 8*p - 7*p = 366. What is the units digit of a?
1
Suppose 0 = -0*r - 3*r - 4*a + 77655, 51784 = 2*r + 5*a. What is the ten thousands digit of r?
2
Let v = -788 - -788. Suppose v = 30*g - 12*g - 20052. What is the units digit of g?
4
Let d(m) = -49*m - 678. What is the tens digit of d(-38)?
8
Suppose -421314 = 86*y - 155*y. What is the hundreds digit of y?
1
Suppose -24 = -5*j + j. Let h(o) = -5*o + 40. Let i be h(j). Suppose i*z = 19*z - 639. What is the units digit of z?
1
Suppose 375 = -2*o - 3*x, 5*o + 4*x + 906 = 7*x. Let i = 667 + o. What is the hundreds digit of i?
4
Suppose 3*h + h = -320. Let v = h + 68. Let z(y) = -19*y - 23. What is the units digit of z(v)?
5
Suppose 11919 = 14*y - 81041. Suppose 13*j - y = 3*j. What is the units digit of j?
4
Let o be 1329 + 6/(-6) + -2. Let f = -708 + o. What is the tens digit of f?
1
Let g(s) = -13*s + 2*s - 13 - 2*s. Let k(p) = -p**2 + 22*p - 30. Let d be k(21). What is the units digit of g(d)?
4
Let s(b) = 3*b**2 + 11*b + 12. Let x(z) = 2*z + 29. Let d be x(-21). What is the units digit of s(d)?
6
Let b be (-5)/(-4)*(1 + 3). Let c = 10736 - 10324. Suppose q - 4*g = -0*g + 90, 0 = -b*q + g + c. What is the tens digit of q?
8
Let g = 553 - 207. Let c = 552 - g. What is the tens digit of c?
0
Let o be -9 - -16 - (5 - -519). What is the units digit of (-10 - -13) + (2 - o)?
2
Let z(h) = h**3 + 20*h**2 - 23*h + 83. Let b(v) = 3*v**3 + 40*v**2 - 45*v + 165. Let x(w) = 2*b(w) - 5*z(w). What is the units digit of x(19)?
9
Suppose a - 140 = -9*a. Suppose -a*k + 11*k = 2*d - 1592, 5*k - 5*d - 2645 = 0. What is the units digit of k?
0
Let q = 52 - 47. Suppose j + 73 = q*r - r, -5 = -r. Let y = 82 + j. What is the tens digit of y?
2
What is the tens digit of (-20)/(-450) - 3629426/(-90)?
2
Let i be 3/((-4)/((-480)/(-9))). Let z be ((-30)/i)/(1/16). What is the tens digit of (-56)/(-3) - z/(-9)?
2
Suppose -2*i = -379 - 43. Suppose i = 4*k - 5*u, 105 = 2*k - 2*u - u. What is the tens digit of k?
5
Let v be (-510)/(-22) - ((-4)/11)/(-2). Let x(p) = p**3 - 24*p**2 + 34*p - 42. Let m be x(v). Suppose 15*i - 1379 - m = 0. What is the hundreds digit of i?
1
Suppose -705*m + 7319712 = -609*m. What is the thousands digit of m?
6
Suppose -140 = 8*v - 12*v. Let r(n) = -7*n. Let z be r(-9). Let p = z - v. What is the units digit of p?
8
Suppose 3*c = c - 5*w - 5, -5*w - 5 = 0. Suppose 5*t + 0*l = 4*l + 211, c = -t + 4*l + 55. What is the tens digit of t/3*8/4?
2
Let n = 682 - 331. Suppose 5*f = i + 34 + 1, 5*f + 3*i = 35. What is the units digit of (f/(-3))/((-13)/n)?
3
Let n be -220 - (-18)/(-4 - -7). Let g = n - -231. What is the units digit of g?
7
Let h = -49 - -53. Let z(q) = 15*q + 76. What is the tens digit of z(h)?
3
Let j(m) = m**2 + 20*m - 42. Let v be j(-22). Suppose -46 = -5*q - v*f - 0*f, -22 = -2*q + f. Suppose 18*o = q*o + 2120. What is the tens digit of o?
6
Let b(j) = -240*j**3 + j - 1. Let w be b(1). What is the hundreds digit of (10 + w/(-3))*16/6?
2
Let y = -23756 + 42945. What is the ten thousands digit of y?
1
Let k be (-8)/3*99/(-66). Let s be k*3/(-9)*18/(-4). What is the units digit of ((-970)/15)/((-4)/s)?
7
Let g be (1 - 3) + (-6)/(-1). Let x(y) = -y**2 + 6*y + 24. Let w be x(-3). What is the units digit of g + w - -2 - -86?
9
Let u = -490 + 6496. Suppose -u = -4*t + 5*i, 5243 = 5*t - 5*i - 2267. What is the tens digit of t?
0
Suppose 4*i - 262459 = -6*h - 87179, 219109 = 5*i + 3*h. What is the ten thousands digit of i?
4
Let p(x) = -24*x**2 - 12*x - 19. Let r(g) = 50*g**2 + 23*g + 37. Let t(w) = 5*p(w) + 3*r(w). What is the tens digit of t(-3)?
5
Let h(c) = 13*c - 1. Let m be h(1). Suppose -18*z + 1560 = -m*z. What is the hundreds digit of z?
2
Let o = 38 + 48. Suppose -5*d + 34 + o = 0. What is the units digit of -3*d*(-1)/2?
6
Let k be (3 - (-63)/(-35)) + 338/10. Suppose -1922 = -2*i + k*q - 40*q, 4*q = 0. What is the units digit of i?
1
Suppose -2*i + 25 = -5*c, -c = 3*i + 2*i + 5. What is the tens digit of (-397)/((i - -1)/(-1))?
9
Suppo